3. What is the tens digit of h?
0
Suppose 278*n - 296*n = -15678. What is the hundreds digit of n?
8
Let u = 34851 - -4082. What is the ten thousands digit of u?
3
Let i(n) = 7*n**3 - 97 + 149 - 2*n**3 - 82 + 15*n**2 + 8*n - 4*n**3. Let j(g) = 3*g + 2. Let f be j(-5). What is the tens digit of i(f)?
0
Let m = -4968 + 14031. What is the hundreds digit of m?
0
Let p = 119 - 112. Suppose 0 = p*z - 1077 - 813. What is the tens digit of z?
7
Let b(f) = -62*f - 99. Let m be -3 - (-5)/(5/(-3)). What is the tens digit of b(m)?
7
Let j = 58 - 80. What is the hundreds digit of 1353/j*((-26)/3 - -2)?
4
Suppose -23 = 4*k + 1. Let d be 68/k*(-3)/(-2). Let c(p) = -p - 10. What is the units digit of c(d)?
7
Suppose 4*t + 2 = 38. Let g = -6 + t. Suppose -g*o + 0*o + 555 = 0. What is the tens digit of o?
8
Suppose 0 = 2*n - 10*n + 71435 + 62773. What is the tens digit of n?
7
Suppose 134*n = 857663 + 121387 + 483694. What is the tens digit of n?
1
Suppose 0 = -33*k + 18841 + 7229. Suppose 4*o = 2*m + k, 0*o - 2*m = 5*o - 965. What is the units digit of o?
5
Let w(k) = -42*k - 18. Let y be w(7). Let f be (3 + y)*-2 + -1. Suppose -i = -4*u + f, 4*u = u + 5*i + 450. What is the hundreds digit of u?
1
Let l(t) = 30*t**2 - 12*t - 6. Let z be l(-3). Let r = z - 81. What is the hundreds digit of r?
2
Let c(o) = o. Let b(k) = -3*k + 8. Let r(z) = b(z) + 2*c(z). Let f be r(5). What is the tens digit of 1/f + ((-256)/(-3))/2?
4
Suppose 2*n - 13 = -11. Let k(y) = -8*y - 22*y + 12*y - n. What is the units digit of k(-4)?
1
Suppose -13*d - 28336 + 57463 + 45272 = 0. What is the tens digit of d?
2
Let i = -2630 + 2659. What is the tens digit of i?
2
Let z = 172 - 167. Suppose -d + 139 = 5*u, -d + 2*u + 129 = z*u. What is the units digit of d?
4
Suppose -3*c + 45 = 6*c. Suppose 5*p - 4*p = c*d - 24, -126 = 3*p + 3*d. Let k = p - -113. What is the units digit of k?
4
Let v = 11478 + -3525. What is the tens digit of v?
5
Suppose -1535*v = -1457*v - 2000622. What is the units digit of v?
9
Let f = -62 - -66. Let w(m) = 4 + f - m**2 - 9*m - 5*m**2 - 4*m**2 + m**3. What is the units digit of w(12)?
8
Let f = -15768 - -35958. What is the ten thousands digit of f?
2
Suppose -36*i = -33*i - 63. What is the tens digit of (-2)/3 + 2947/i*2?
8
Let s(d) = -14*d**2. Let z(h) = -2*h + 26. Let o be z(10). Let t(u) = -u**2 - 1. Let r(m) = o*t(m) - s(m). What is the units digit of r(-3)?
6
Let y(o) = 41*o**3 + 3*o**2 + o - 2. Let i be y(-2). Let x be i/((-10)/2) + -3. Let q = x - -13. What is the tens digit of q?
7
Let w = -659 - -373. Let b = 673 - w. What is the hundreds digit of b?
9
Suppose 2*a = 8, 0 = -i - 95*a + 96*a + 29667. What is the units digit of i?
1
Suppose -48*f + 45*f + 6*c = -95088, 5*c = 2*f - 63390. What is the units digit of f?
0
Let c(u) = 3*u**2 - 68*u + 26. Let g = -80 - -103. What is the units digit of c(g)?
9
Let v(c) = 27*c - 13. Let q be v(-4). Let f = q + -22. Let w = f - -206. What is the tens digit of w?
6
Let m(s) = -2*s**2 + 9*s + 18. Let a be m(6). Let l(t) be the first derivative of t**3 + t**2/2 + 114*t + 39. What is the hundreds digit of l(a)?
1
Let x(i) = 4*i**2 + 7*i + 6. Suppose 5*p + 3*d + 0*d = -22, 1 = d. Let y be x(p). Let n = 4 + y. What is the tens digit of n?
7
Let t(h) = -32*h + 60. Let l be t(2). Suppose 0*c + 2*c = -170. What is the units digit of (-1095)/c + l/(-34)?
3
Let d(a) = 8*a + 11*a - 14*a - 83 + 0*a + 48*a. What is the units digit of d(11)?
0
What is the units digit of (390306/252)/((-6)/(-108))?
9
Let z(r) = r**3 + 8*r**2 - 20*r - 82. Let a be z(-9). Let b(l) = 20*l + 65. What is the tens digit of b(a)?
0
Let f be -6*(16/12)/(-2). Suppose -f*v + 447 = -v. What is the hundreds digit of v?
1
Let t be 18/3 + -13 + 85. What is the hundreds digit of (-2)/4 + 34671/t?
4
Suppose 0 = -56*k + 476 - 140. What is the units digit of k/16 - 77025/(-104)?
1
Suppose 5*a = a - 5*m + 40, -3*a = -2*m - 30. Suppose -a = j - 6*j. Suppose u + j*o = 215, 4*o - 212 = -u + 5*o. What is the units digit of u?
3
Let r(i) = 3 - 8*i - 55*i + 6*i. Let p be 1/(-3 + 15/6). What is the units digit of r(p)?
7
Suppose -y + 36*y - 401450 = -15*y. What is the hundreds digit of y?
0
Suppose -131*s + 44*s + 154512 = 0. What is the hundreds digit of s?
7
Suppose 2*d + 16 = -2*w, 3 = -3*d + 4*w - 7. Let n(s) = -3*s**3 + 5*s**2 + 28*s - 4. What is the units digit of n(d)?
6
Suppose -38 = 6*g - 20. What is the tens digit of (-104)/(-78) - 1382/g?
6
Let r(a) = 921*a**3 - 14*a**2 + 30*a - 11. What is the hundreds digit of r(4)?
8
Let c = 23929 + -7132. What is the tens digit of c?
9
Let s(q) = q**2 - 4*q. Let x be s(3). Let i(m) be the first derivative of 4*m**3 + 3*m**2/2 + m - 520. What is the units digit of i(x)?
0
Let r be (48/27 - 2) + 260159/(-261). Let d = -587 - r. What is the units digit of d?
0
What is the tens digit of (-175519)/(-6) - (35/30)/7?
5
Suppose -7*g = 10*g - 2*g - 34350. What is the hundreds digit of g?
2
Let o(d) = 2448*d + 3 + 14 - 2398*d. What is the hundreds digit of o(3)?
1
Suppose -370369 + 85355 - 1098268 = -134*r. What is the ten thousands digit of r?
1
Suppose 0 = 5*y - 21 - 4. Suppose 4*o = -5*i - 114, 4*o = y*i + 175 - 29. What is the tens digit of i*2*(-68)/16?
2
Let r(x) = -x. Let y(k) = 6*k**2 - 2*k - 52. Let d(t) = -8*r(t) + y(t). What is the units digit of d(7)?
4
Let m be 20 - 13 - (-10)/(-2). Suppose -3*y = -m*h + 5*h - 420, 0 = -4*h - 20. What is the tens digit of y?
4
Let s = 903 - -1238. What is the units digit of s?
1
Let r(o) = o + 56. Let b be r(-21). Let v(w) = 6*w - 17*w - b + 5. What is the units digit of v(-6)?
6
Suppose 0 = 12*m - 300. Suppose -18*x + m*x + 252 = 0. What is the units digit of 2*(-3210)/x + 2/(-6)?
8
Suppose 0 = -250*x + 134*x + 125*x - 171207. What is the ten thousands digit of x?
1
Let b = -2177 + 3700. Suppose -2*n + n + 382 = r, 0 = -4*r - 5*n + b. What is the units digit of r?
7
Let d = 142 - 131. Suppose d*h = -19 + 85. What is the units digit of h?
6
Let h(l) be the first derivative of 5*l**3/3 + 17*l**2/2 + 211*l + 76. What is the units digit of h(-10)?
1
Let i(t) = -7*t - 19. Let b(f) = 13*f + 37. Let q(o) = -3*b(o) - 5*i(o). Let y be q(-4). Suppose y = 7*r - 126 - 210. What is the tens digit of r?
4
Suppose 3*w + 7*y = 3*y + 344, 0 = 2*w + y - 236. Suppose -4*u - u + w = 0. Let a = u + 33. What is the units digit of a?
7
Let u(c) = -1009*c + 2524. What is the units digit of u(-33)?
1
Suppose -m + 12 = -3*m. Let o be (-7 + -4 + 8)/(-19 + 20). What is the hundreds digit of (o - (0 + -1))/(m/477)?
1
Suppose -13*o + 36 = -o. Suppose 1486 + 107 = o*h. What is the hundreds digit of h?
5
Suppose 0 = 2*l + 5*o - 53645, -6*l - o = -76401 - 84576. What is the ten thousands digit of l?
2
Let n(c) = -17*c**2 - 3*c - 4. Let s be n(4). Let t be (-491)/(-1) + (78 - 81) + 0. Let j = s + t. What is the units digit of j?
0
Suppose -96*r + 188656 + 218288 = 0. What is the hundreds digit of r?
2
Let n = -480 - -485. Suppose n*u - 170 - 3505 = 0. What is the tens digit of u?
3
Let j(g) = 2*g**2 + 7*g - 2. Let f be j(-4). Suppose 50 = d + f. Suppose 0 = a - d - 99. What is the tens digit of a?
4
Suppose 0*o - 2*o + 56150 = -3*b, -3*o + 5*b = -84222. What is the units digit of o?
4
Let n(b) = -b**3 + 6*b**2 + 15*b + 5. Let s be n(7). Suppose -3*o = 5*u - 1075, 2*o - 624 = 3*u + s. What is the units digit of o?
0
What is the thousands digit of 27/((-27)/9)*(-8348)/6?
2
Let w = 563 - 555. Suppose w*n - 686 = 506. What is the tens digit of n?
4
Let g(y) = 452*y**2 + 130*y - 906. What is the units digit of g(6)?
6
Let d(w) be the second derivative of w**6/360 + w**5/24 + w**4/3 + 5*w**3/6 + 7*w. Let b(u) be the second derivative of d(u). What is the tens digit of b(7)?
9
Let z = 16 - 9. Suppose 5*q + 498 = z*q. What is the hundreds digit of q?
2
Suppose w - 8 = 3*u - 4*u, 28 = 3*w + 5*u. Suppose -z = w*z - 112. Suppose 410 = 6*y - z. What is the units digit of y?
1
Suppose -3*y - 5*a = -15, y - a = 40 - 27. Let l(p) = -p + 0*p + 48 - 10. What is the tens digit of l(y)?
2
Suppose -q - 812 = -5*x, x + 0*q + 4*q - 154 = 0. Suppose -2*l + x = 150. What is the units digit of l?
6
Let i(t) = -5 + 1324*t**2 + 0*t + 4*t - 1323*t**2. Let s be i(-5). What is the units digit of (s - (-16)/(6 - 2))*2?
8
Let t be (-16)/6 - (45/27)/5.